n 8190 is divided by 292.
14
Calculate the remainder when 2195 is divided by 12.
11
Calculate the remainder when 18477 is divided by 22.
19
Calculate the remainder when 5702 is divided by 149.
40
Calculate the remainder when 25013 is divided by 59.
56
Calculate the remainder when 7167 is divided by 76.
23
Calculate the remainder when 1751 is divided by 54.
23
What is the remainder when 2090 is divided by 96?
74
Calculate the remainder when 53921 is divided by 2.
1
What is the remainder when 7187 is divided by 157?
122
What is the remainder when 8548 is divided by 91?
85
What is the remainder when 1070 is divided by 20?
10
Calculate the remainder when 9443 is divided by 270.
263
Calculate the remainder when 258192 is divided by 46.
40
What is the remainder when 9260 is divided by 11?
9
Calculate the remainder when 1505003 is divided by 529.
527
Calculate the remainder when 15530 is divided by 674.
28
What is the remainder when 72815 is divided by 1425?
140
What is the remainder when 21456 is divided by 109?
92
What is the remainder when 2392 is divided by 63?
61
Calculate the remainder when 12728 is divided by 4199.
131
What is the remainder when 17856 is divided by 992?
0
Calculate the remainder when 255020 is divided by 552.
548
Calculate the remainder when 192483 is divided by 4.
3
Calculate the remainder when 85349 is divided by 3555.
29
What is the remainder when 415949 is divided by 15?
14
What is the remainder when 908 is divided by 353?
202
Calculate the remainder when 426070 is divided by 60864.
22
Calculate the remainder when 68092 is divided by 457.
456
Calculate the remainder when 752958 is divided by 109.
95
What is the remainder when 31499 is divided by 5246?
23
What is the remainder when 1108 is divided by 1062?
46
What is the remainder when 12031 is divided by 2?
1
What is the remainder when 35480 is divided by 49?
4
What is the remainder when 213118 is divided by 13?
9
What is the remainder when 100057 is divided by 33352?
1
What is the remainder when 196 is divided by 48?
4
Calculate the remainder when 783970 is divided by 1071.
1069
Calculate the remainder when 159762 is divided by 7986.
42
Calculate the remainder when 5877 is divided by 387.
72
Calculate the remainder when 192600 is divided by 1660.
40
Calculate the remainder when 18174 is divided by 963.
840
What is the remainder when 175199 is divided by 1200?
1199
What is the remainder when 9805 is divided by 446?
439
Calculate the remainder when 43285 is divided by 222.
217
What is the remainder when 9505 is divided by 188?
105
What is the remainder when 615038 is divided by 640?
638
Calculate the remainder when 1491 is divided by 479.
54
Calculate the remainder when 4772 is divided by 83.
41
Calculate the remainder when 1536386 is divided by 79.
73
What is the remainder when 14992 is divided by 80?
32
Calculate the remainder when 109456 is divided by 1288.
1264
What is the remainder when 2758 is divided by 361?
231
What is the remainder when 84336 is divided by 451?
450
What is the remainder when 72195 is divided by 3436?
39
Calculate the remainder when 311428 is divided by 94.
6
What is the remainder when 185049 is divided by 46243?
77
What is the remainder when 56208 is divided by 22?
20
Calculate the remainder when 237444 is divided by 473.
471
What is the remainder when 2675 is divided by 169?
140
Calculate the remainder when 1581 is divided by 523.
12
Calculate the remainder when 2268 is divided by 20.
8
Calculate the remainder when 41939 is divided by 2620.
19
What is the remainder when 22938 is divided by 154?
146
Calculate the remainder when 8255 is divided by 1620.
155
What is the remainder when 2099 is divided by 976?
147
What is the remainder when 249296 is divided by 831?
827
What is the remainder when 345055 is divided by 98?
95
What is the remainder when 76082 is divided by 19012?
34
Calculate the remainder when 142384 is divided by 98.
88
What is the remainder when 5281 is divided by 5?
1
What is the remainder when 381712 is divided by 665?
2
Calculate the remainder when 5048 is divided by 133.
127
Calculate the remainder when 23250 is divided by 3316.
38
What is the remainder when 50833 is divided by 348?
25
Calculate the remainder when 11167 is divided by 11120.
47
Calculate the remainder when 1898 is divided by 376.
18
Calculate the remainder when 21246 is divided by 174.
18
Calculate the remainder when 39653 is divided by 94.
79
What is the remainder when 2021 is divided by 580?
281
Calculate the remainder when 4591 is divided by 1145.
11
Calculate the remainder when 15401 is divided by 2199.
8
What is the remainder when 52355 is divided by 1687?
58
What is the remainder when 14894 is divided by 620?
14
What is the remainder when 295561 is divided by 34?
33
Calculate the remainder when 88654 is divided by 4666.
0
Calculate the remainder when 318301 is divided by 106100.
1
What is the remainder when 18935 is divided by 66?
59
Calculate the remainder when 15267 is divided by 7633.
1
What is the remainder when 866 is divided by 818?
48
What is the remainder when 237 is divided by 39?
3
Calculate the remainder when 44071 is divided by 22018.
35
Calculate the remainder when 13422 is divided by 75.
72
What is the remainder when 57421 is divided by 207?
82
What is the remainder when 710488 is divided by 33?
31
Calculate the remainder when 7681 is divided by 274.
9
Calculate the remainder when 886 is divided by 5.
1
Calculate the remainder when 30860 is divided by 15426.
8
What is the remainder when 627929 is divided by 385?
379
Calculate the remainder when 16832 is divided by 1294.
10
Calculate the remainder when 870674 is divided by 141.
140
Calculate the remainder when 154961 is divided by 6.
5
What is the remainder when 3717 is divided by 124?
121
Calculate the remainder when 27158 is divided by 139.
53
Calculate the remainder when 1637067 is divided by 23.
19
What is the remainder when 42139 is divided by 265?
4
What is the remainder when 94847 is divided by 18967?
12
Calculate the remainder when 489645 is divided by 23.
21
Calculate the remainder when 623582 is divided by 76.
2
What is the remainder when 23428 is divided by 3346?
6
What is the remainder when 55845 is divided by 1092?
153
What is the remainder when 36477 is divided by 12156?
9
Calculate the remainder when 4449 is divided by 3623.
826
Calculate the remainder when 11256 is divided by 20.
16
What is the remainder when 3765 is divided by 744?
45
What is the remainder when 14850 is divided by 3?
0
Calculate the remainder when 40823 is divided by 803.
673
What is the remainder when 3025 is divided by 58?
9
Calculate the remainder when 341892 is divided by 991.
988
What is the remainder when 2279714 is divided by 7?
3
Calculate the remainder when 8439 is divided by 161.
67
What is the remainder when 28084 is divided by 9087?
823
What is the remainder when 102136 is divided by 5375?
11
What is the remainder when 3715 is divided by 137?
16
Calculate the remainder when 15851 is divided by 108.
83
What is the remainder when 25820 is divided by 24?
20
What is the remainder when 19270 is divided by 866?
218
Calculate the remainder when 2833 is divided by 2.
1
Calculate the remainder when 410608 is divided by 416.
16
Calculate the remainder when 10647 is divided by 140.
7
Calculate the remainder when 1395 is divided by 706.
689
Calculate the remainder when 12829 is divided by 772.
477
What is the remainder when 15087 is divided by 98?
93
What is the remainder when 603093 is divided by 185?
178
What is the remainder when 4948 is divided by 107?
26
What is the remainder when 3501444 is divided by 129?
126
What is the remainder when 9219 is divided by 125?
94
Calculate the remainder when 220069 is divided by 36678.
1
Calculate the remainder when 4181 is divided by 1234.
479
What is the remainder when 29496 is divided by 301?
299
What is the remainder when 50092 is divided by 253?
251
Calculate the remainder when 4748 is divided by 423.
95
Calculate the remainder when 7686 is divided by 1259.
132
Calculate the remainder when 21677 is divided by 74.
69
What is the remainder when 223574 is divided by 257?
241
Calculate the remainder when 85220 is divided by 137.
6
What is the remainder when 1290 is div